ine i(15).
164
Let s(q) = -q**2 - 56*q + 7710. What is s(-120)?
30
Let n(s) = -s**3 - 12*s**2 - 40*s - 24. Determine n(-7).
11
Let u(c) = -c**3 - 2*c**2 - 4*c - 76. What is u(-5)?
19
Let h(w) = -1328*w - 6561. Determine h(-5).
79
Let r(x) = 2*x**3 + 20*x**2 + x - 148. Calculate r(-9).
5
Let n(y) = y**3 - y**2 + 16*y - 45. Determine n(6).
231
Let u(i) = -69*i**2 + 1025*i + 158. Calculate u(15).
8
Let u(r) = -337*r + 8082. What is u(24)?
-6
Let v(t) = -15*t**3 + 91*t**2 + 14*t - 9. Give v(5).
461
Let l(d) = -d**3 - 42*d**2 - 442*d - 303. Calculate l(-17).
-14
Let y(w) = -w**2 + 56*w + 280. Determine y(63).
-161
Let z(y) = 348*y - 477. Determine z(5).
1263
Let w(v) = v**2 + 7*v - 30. Give w(-6).
-36
Let a(t) = -2526*t + 10108. What is a(4)?
4
Let v(k) = -6*k**2 + 82*k + 407. Calculate v(18).
-61
Let m(a) = a**3 + 9*a**2 + 24*a + 92. Give m(-4).
76
Let t(q) = 4*q**2 + 65*q + 59. Give t(-15).
-16
Let f(q) = -241*q - 2389. Give f(-10).
21
Let b(i) = 399*i - 4793. What is b(12)?
-5
Let y(q) = q**2 - 33*q + 170. Determine y(20).
-90
Let y(z) = -2*z**3 - 26*z**2 - 66*z - 24. Calculate y(-10).
36
Let n(j) = j**3 + 45*j**2 - 360*j + 177. Calculate n(-52).
-31
Let l(z) = 2*z**2 - 370*z + 1097. Determine l(182).
5
Let j(o) = -o**3 - 10*o**2 + 40*o - 18. Give j(-13).
-31
Let s(q) = q**3 + 69*q**2 + 380*q + 65. Give s(-63).
-61
Let y(q) = -2*q**3 - 136*q**2 + 282*q + 145. Calculate y(-70).
5
Let w(t) = -2*t**2 - 56*t + 237. Calculate w(-30).
117
Let i(r) = 57*r - 4001. Calculate i(70).
-11
Let v(s) = 6*s**2 - 19*s + 18. Calculate v(1).
5
Let v(u) = -299*u + 10772. Give v(36).
8
Let n(b) = b**3 - 74*b**2 - 219*b - 836. Determine n(77).
88
Let l(v) = -7*v**2 - 3*v + 36. Calculate l(0).
36
Let v(u) = u**3 - 20*u**2 + 21*u + 901. Calculate v(12).
1
Let y(i) = 10480*i - 10486. Calculate y(1).
-6
Let f(y) = -2*y**3 + 117*y**2 + 65*y - 323. Calculate f(59).
31
Let q(v) = -17*v + 14. What is q(-4)?
82
Let w(d) = d**3 - 36*d**2 - 57*d + 597. Give w(37).
-143
Let r(m) = 128*m - 5503. What is r(42)?
-127
Let y(r) = -32*r + 483. Give y(15).
3
Let w(m) = m**2 + 121*m + 3555. What is w(-71)?
5
Let h(s) = 829*s + 45606. Give h(-55).
11
Let y(l) = -730*l + 30682. What is y(42)?
22
Let i(m) = -4*m**2 - 62*m + 56. Determine i(-17).
-46
Let t(r) = -r**3 - 11*r**2 + r + 81. Determine t(-10).
-29
Let b(z) = -z**3 + 11*z**2 - 248*z + 2071. Give b(9).
1
Let l(j) = 16*j - 12. Give l(-8).
-140
Let d(l) = -l + 15. What is d(19)?
-4
Let n(q) = 147*q - 1718. Calculate n(12).
46
Let c(i) = 132*i + 542. Give c(-4).
14
Let o(f) = 71*f - 2131. Calculate o(30).
-1
Let r(d) = 13*d - 166. Give r(30).
224
Let s(j) = 9*j**2 + 117*j + 390. Give s(-7).
12
Let o(j) = -j**3 - 19*j**2 + 163*j + 149. Give o(7).
16
Let a(f) = 147*f**3 + 14*f**2 - 20*f + 6. Give a(1).
147
Let q(j) = 3*j**2 - 182*j - 569. Give q(-3).
4
Let t(s) = -s**3 + 6*s**2 + 7*s - 6. Give t(4).
54
Let n(i) = 1052*i - 8405. Calculate n(8).
11
Let c(w) = -10*w**2 + 53*w + 6. What is c(4)?
58
Let r(i) = i**3 - 5*i**2 - 64*i + 318. Give r(5).
-2
Let l(c) = -3*c**2 + 17*c - 24. Determine l(6).
-30
Let c(k) = k**3 + 18*k**2 - 7*k - 399. Determine c(-17).
9
Let k(a) = -23*a**2 + 38*a - 4. Determine k(2).
-20
Let d(q) = 82*q - 25. What is d(1)?
57
Let f(a) = 3*a**3 + 432*a**2 - 440*a + 8. Determine f(1).
3
Let o(v) = -v**3 - 7*v**2 + 144*v + 19. What is o(-16)?
19
Let y(b) = -b**3 - 20*b**2 - 66*b - 898. Give y(-19).
-5
Let l(o) = -14*o**2 + 200*o + 1600. Give l(20).
0
Let w(u) = -u**3 + 100*u**2 + 4895*u + 130. What is w(136)?
-6
Let q(u) = -222*u - 1735. Give q(-8).
41
Let u(z) = -233*z - 4653. Determine u(-20).
7
Let m(i) = -262*i + 1578. Give m(6).
6
Let q(c) = -2*c**3 - 179*c**2 - 265*c + 194. Calculate q(-88).
282
Let n(k) = 11*k**2 + 9*k + 25. Calculate n(2).
87
Let h(r) = -r**2 - 20*r - 225. What is h(-23)?
-294
Let h(x) = 5*x**2 - 27*x + 143. Give h(10).
373
Let f(j) = 3*j**3 + 4*j**2 - 3*j + 43. Determine f(6).
817
Let f(v) = 34*v - 1. What is f(0)?
-1
Let r(x) = -26*x**2 + 2394*x - 191. Give r(92).
-7
Let i(x) = x**3 - x**2 + 17*x - 2. What is i(4)?
114
Let z(b) = 14*b + 651. Calculate z(-46).
7
Let s(f) = 212*f**2 - 812*f - 8. Calculate s(4).
136
Let s(g) = -2*g**2 + 89*g + 164. Calculate s(48).
-172
Let s(i) = -11*i**2 + 8*i - 46. Determine s(4).
-190
Let q(x) = -x**3 + 16*x**2 - 60*x + 18. Determine q(5).
-7
Let p(u) = 6*u**2 + 19*u + 88. Give p(-5).
143
Let z(c) = -20*c**2 + 7*c - 35. What is z(4)?
-327
Let i(j) = -j**3 - j**2 + 216*j + 8. What is i(0)?
8
Let d(s) = 345*s + 65902. Determine d(-191).
7
Let n(w) = 5*w**2 + 232*w - 2184. Calculate n(8).
-8
Let x(b) = 2*b**3 - 29*b**2 - 234*b + 50. What is x(-6)?
-22
Let s(h) = -54*h + 2699. What is s(49)?
53
Let v(j) = 17*j**3 - 5*j**2 + 14*j - 1. Determine v(2).
143
Let d(r) = 15*r**2 - 222*r - 297. Calculate d(16).
-9
Let f(u) = -13*u**2 - 1713*u + 386. Determine f(-132).
-10
Let o(m) = 59*m - 32. Give o(-3).
-209
Let f(s) = 73*s**2 + 35*s - 79. Give f(2).
283
Let z(v) = 506*v + 10125. Give z(-20).
5
Let o(y) = -y**3 - 17*y**2 + 32*y - 129. What is o(-19)?
-15
Let s(d) = 2*d**3 + 21*d**2 + 86*d + 245. Calculate s(-6).
53
Let h(x) = -8*x**2 - 40*x + 8. Determine h(-7).
-104
Let m(o) = -136*o - 3405. Determine m(-25).
-5
Let w(y) = -y**3 + 8*y**2 - 16*y + 135. Calculate w(8).
7
Let f(b) = -b**3 + 2*b**2 + 16*b - 28. What is f(6)?
-76
Let b(l) = l**3 - 28*l**2 + 58*l + 438. Calculate b(25).
13
Let n(f) = 83*f + 1167. Calculate n(-14).
5
Let j(l) = l**3 - 22*l**2 - 4*l + 69. Give j(22).
-19
Let o(k) = -337*k - 3056. Give o(-9).
-23
Let j(i) = 4*i**3 + 5*i**2 - 23*i + 70. Give j(4).
314
Let o(x) = 17*x**2 + 92*x + 372. What is o(-4)?
276
Let a(t) = t**3 - 17*t**2 + 7*t - 50. Determine a(9).
-635
Let l(p) = -p**3 - 30*p**2 + 152*p + 33. What is l(-34)?
-511
Let g(t) = 2*t**2 + 225*t - 1418. Determine g(6).
4
Let t(d) = -2*d**2 - 346*d + 10331. Calculate t(26).
-17
Let f(u) = -3*u**2 + 22*u - 55. Determine f(6).
-31
Let q(w) = -w**3 + 117*w**2 - 120*w + 452. Determine q(116).
-12
Let q(x) = 726*x + 7264. Give q(-10).
4
Let j(x) = -160*x - 102. Determine j(-1).
58
Let b(j) = 11*j**2 - 2592*j + 2592. Give b(1).
11
Let s(t) = 49*t + 3078. Calculate s(-63).
-9
Let l(y) = 423*y + 2937. Determine l(-7).
-24
Let b(u) = 10941*u + 120365. What is b(-11)?
14
Let x(l) = l**3 + 16*l**2 - 67*l + 2. What is x(-19)?
192
Let o(a) = a**2 - 341*a + 16633. Calculate o(59).
-5
Let n(o) = -o**3 - o**2 + 4*o - 72. What is n(0)?
-72
Let y(i) = -2*i**3 - 195*i**2 - 476*i + 150. What is y(-95)?
245
Let j(m) = -2*m**3 - 11*m**2 + 91*m + 3. Determine j(-10).
-7
Let q(n) = 205*n + 430. Determine q(-3).
-185
Let h(o) = 352*o**3 + 3*o**2 + 3*o + 1. Calculate h(-1).
-351
Let g(d) = d**3 - 6*d**2 - 2*d - 6. Calculate g(5).
-41
Let h(y) = 28*y - 216. Calculate h(5).
-76
Let z(i) = 3*i**2 + 71*i + 19. Give z(-24).
43
Let x(u) = -u**2 + 9*u + 251. Give x(23).
-71
Let w(z) = -156*z + 5772. Give w(37).
0
Let l(h) = -137*h - 1022. Determine l(-8).
74
Let l(v) = 214*v + 2939. Determine l(-14).
-57
Let o(r) = 81*r**2 + 3. Determine o(2).
327
Let c(f) = -f**2 - 23*f + 74. Calculate c(4).
-34
Let n(x) = -27*x**2 + 3*x - 3. What is n(1)?
-27
Let a(i) = 10*i**3 + 5*i**2 + 42*i - 47. Give a(1).
10
Let s(q) = 18*q**2 - 3072*q + 6143. Give s(2).
71
Let z(h) = 6*h + 61. Determine z(5).
91
Let o(k) = 49*k - 205. Determine o(5).
40
Let d(m) = -m**3 - 14*m**2 - 12*m + 271. Give d(-7).
12
Let t(z) = 1689*z + 160455. Determine t(-95).
0
Let k(q) = -24*q - 92. Calculate k(-4).
4
Let u(o) = -331*o + 1637. Calculate u(5).
-18
Let w(p) = -p**3 + 16*p**2 + 7*p - 123. Give w(16).
-11
Let a(b) = 2*b**3 - 70*b**2 + 91*b - 795. Determine a(34).
-13
Let f(t) = 135*t + 906. What is f(-7)?
-39
Let k(c) = -c**3 + 23*c**2 + 141*c + 10. Calculate k(28).
38
Let y(g) = 9*g + 24. What is y(3)?
51
Let g(k) = k**3 - 2*k**2 - 63*k - 10. What is g(9)?
-10
Let o(u) = 60*u**2 - 1745*u - 21. Give o(29).
-166
Let t(p) = 828*p + 14074. Determine t(-17).
-2
Let x(u) = -10*u**3 + 2*u**2 + 3*u - 1. Give x(-2).
81
Let l(t) = t**3 - 2*t**2 - 7*t + 9. Determine l(-5).
-131
Let u(j) = 3*j**2 + 357*j + 1401. Determine u(-4).
21
Let t(u) = 433*u + 470. Determine t(-1).
37
Let u(i) = 41*i + 15. Calculate u(1).
56
Let s(q) = -2*q**3 - 35*q**2 + 69*q + 222. Give s(-19